8?
True
Does 579 divide 4715955?
True
Does 41 divide 717947925?
True
Is 30 a factor of 54068122?
False
Is 30080571 a multiple of 746?
False
Is 44 a factor of 234883227?
False
Is 95825736 a multiple of 63?
False
Does 2155 divide 1290928?
False
Is 89073039 a multiple of 4?
False
Is 3 a factor of 98368515?
True
Is 91362787 a multiple of 103?
False
Does 197 divide 2558833?
True
Does 3941 divide 380294677?
True
Does 73 divide 141854114?
False
Does 2186 divide 27036598?
False
Does 21 divide 84182199?
False
Is 161 a factor of 72676620?
False
Does 733 divide 35622180?
False
Is 71485772 a multiple of 57?
False
Is 510 a factor of 2412763?
False
Is 595980875 a multiple of 167?
False
Is 177 a factor of 970515780?
True
Is 30234546 a multiple of 178?
True
Is 13 a factor of 91338730?
False
Is 845014974 a multiple of 4838?
False
Is 516713645 a multiple of 665?
True
Is 8376191 a multiple of 3?
False
Is 20 a factor of 400060?
True
Does 2727 divide 6257460281?
False
Is 103662447 a multiple of 277?
False
Is 19441557 a multiple of 17?
True
Is 12254165 a multiple of 11?
True
Is 40004005 a multiple of 25?
False
Does 1288 divide 820870377?
False
Is 242760920 a multiple of 4418?
False
Is 629086310 a multiple of 3005?
False
Is 2437 a factor of 116164190?
False
Is 47 a factor of 327646917?
True
Does 3 divide 183719358?
True
Is 273905436 a multiple of 5556?
False
Does 42 divide 108703434?
True
Does 10060 divide 1050946266?
False
Is 3 a factor of 55203835?
False
Does 210 divide 436435289?
False
Is 564530720 a multiple of 13?
True
Does 5 divide 103104435?
True
Does 335 divide 194653760?
True
Does 117 divide 1182080220?
False
Is 410138449 a multiple of 2?
False
Is 477 a factor of 23556970?
False
Is 124 a factor of 24070012?
True
Does 110 divide 6992920?
True
Does 35 divide 309009241?
False
Is 31 a factor of 1183891333?
True
Is 9 a factor of 4587759?
True
Does 12 divide 3847995776?
False
Is 373 a factor of 15644562?
False
Is 714 a factor of 423494820?
True
Is 3088869768 a multiple of 213?
True
Is 21 a factor of 4520630?
False
Is 217709753 a multiple of 304?
False
Is 23 a factor of 210305722?
False
Is 275 a factor of 43524250?
True
Is 171 a factor of 84669282?
True
Does 312 divide 18025176?
True
Does 16 divide 387266353?
False
Is 68789034 a multiple of 67?
True
Does 319 divide 20425570?
True
Is 307 a factor of 33354836?
False
Is 9130 a factor of 1369594344?
False
Is 1353 a factor of 15785451?
True
Is 20067873 a multiple of 7?
True
Does 14 divide 16112446?
True
Is 36235584 a multiple of 688?
True
Is 3156678 a multiple of 5?
False
Is 71 a factor of 25304968?
True
Does 387 divide 1776050586?
True
Is 197454190 a multiple of 1570?
True
Does 53 divide 8396101?
True
Is 1186 a factor of 258139952?
False
Is 23 a factor of 288818363?
False
Is 43421520 a multiple of 1434?
True
Does 32 divide 27440125?
False
Is 46 a factor of 2004105843?
False
Is 935382000 a multiple of 10500?
True
Does 212 divide 28879700?
True
Does 655 divide 546435474?
False
Is 602 a factor of 287447776?
True
Is 110 a factor of 26910257?
False
Is 7 a factor of 72336459?
False
Does 254 divide 118148100?
True
Is 219 a factor of 7992405?
True
Is 8434 a factor of 1564102168?
True
Is 3006162 a multiple of 18?
True
Is 10908380 a multiple of 285?
False
Is 1417434926 a multiple of 1485?
False
Does 351 divide 249380053?
False
Is 1130 a factor of 19059656?
False
Is 160 a factor of 64775680?
True
Is 397 a factor of 10614198?
False
Is 64 a factor of 135587840?
True
Is 2456 a factor of 1449494360?
True
Does 13 divide 14213107?
False
Is 140117985 a multiple of 217?
True
Is 746 a factor of 82074920?
True
Is 486216307 a multiple of 3369?
False
Is 54785160 a multiple of 999?
True
Is 40877480 a multiple of 70?
True
Is 2419608522 a multiple of 199?
False
Is 28 a factor of 1276946840?
False
Does 99 divide 400351112?
False
Is 84 a factor of 12413469?
False
Does 8 divide 2307160?
True
Does 330 divide 15295170?
True
Does 719 divide 1220331378?
True
Is 362 a factor of 117068628?
True
Is 32 a factor of 1192857920?
True
Is 684 a factor of 408580560?
True
Does 51 divide 57797433?
True
Does 101 divide 6655660?
False
Is 9812035 a multiple of 485?
True
Does 3 divide 29005797?
True
Is 45 a factor of 1146913060?
False
Is 1015 a factor of 62178798?
False
Is 14809797 a multiple of 513?
True
Is 392 a factor of 205646336?
True
Does 1557 divide 18411525?
True
Does 4 divide 106377684?
True
Is 20 a factor of 163710320?
True
Does 667 divide 187451679?
True
Is 99 a factor of 4058901?
True
Does 1148 divide 853707452?
False
Is 1357708412 a multiple of 23?
False
Does 258 divide 62494824?
True
Does 309 divide 255613452?
True
Is 152295705 a multiple of 54?
False
Is 844 a factor of 131515328?
False
Does 22 divide 14224870?
True
Is 83659680 a multiple of 656?
True
Does 23 divide 16759111?
True
Is 5 a factor of 56895805?
True
Does 185 divide 13163146?
False
Is 307287030 a multiple of 6?
True
Does 12 divide 192970160?
False
Is 4 a factor of 43951915?
False
Is 2113034 a multiple of 61?
False
Is 242 a factor of 712539776?
False
Does 485 divide 361556535?
False
Is 158701163 a multiple of 22?
False
Does 43 divide 451519550?
False
Is 258 a factor of 1409388054?
False
Is 57907448 a multiple of 109?
False
Does 55 divide 5531745?
False
Is 947 a factor of 233425083?
True
Is 67 a factor of 683668611?
False
Does 1931 divide 246606755?
False
Does 1000 divide 19692000?
True
Is 4870560 a multiple of 16?
True
Is 279100177 a multiple of 2293?
False
Does 1426 divide 22537298?
False
Is 690913748 a multiple of 203?
True
Is 383817168 a multiple of 490?
False
Does 3669 divide 24145689?
True
Is 238 a factor of 261663390?
False
Is 646684246 a multiple of 338?
True
Is 11 a factor of 129892307?
False
Does 65 divide 32123324?
False
Does 19 divide 25319212?
False
Does 3 divide 21879?
True
Is 560174495 a multiple of 547?
True
Does 7 divide 3598553?
True
Is 248047535 a multiple of 13?
False
Is 1779866332 a multiple of 390?
False
Is 812752 a multiple of 5?
False
Is 53929228 a multiple of 2330?
False
Is 21 a factor of 2719161565?
False
Does 531 divide 47226595?
False
Is 606874432 a multiple of 64?
True
Does 11 divide 481344958?
False
Is 646376480 a multiple of 80?
True
Is 153033174 a multiple of 14?
True
Does 3 divide 615846?
True
Is 48 a factor of 1589770954?
False
Does 10 divide 60760120?
True
Does 8458 divide 3513191002?
True
Is 86689152 a multiple of 352?
True
Is 12931935 a multiple of 321?
False
Is 22186906 a multiple of 14?
True
Does 372 divide 190093116?
True
Is 817901712 a multiple of 7158?
True
Does 176 divide 16846494?
False
Is 391241110 a multiple of 65?
True
Is 435142121 a multiple of 191?
True
Is 33 a factor of 2998679?
False
Is 254213595 a multiple of 207?
True
Is 386 a factor of 2509325784?
True
Is 27030 a multiple of 170?
True
Is 48758616 a multiple of 1284?
True
Does 2451 divide 46807763?
False
Does 97 divide 1765648029?
True
Is 2335405770 a multiple of 5270?
True
Is 51236941 a multiple of 7?
True
Is 409289619 a multiple of 1279?
False
Is 13757484 a multiple of 174?
True
Does 5 divide 26909392?
False
Does 153 divide 1011618984?
False
Is 9796284 a multiple of 17?
True
Does 1256 divide 51750968?
True
Is 16443827 a multiple of 387?
False
Is 28 a factor of 33937749?
False
Is 56682006 a multiple of 120?
False
Is 1304382618 a multiple of 5533?
True
Does 48 divide 69087648?
True
Does 244 divide 575508046?
False
Is 484 a factor of 16817548?
True
Is 209104764 a multiple of 132?
True
Does 136 divide 1177378685?
False
Is 20322048 a multiple of 563?
True
Is 5522104 a multiple of 374?
False
Does 292 divide 170063306?
False
Does 3 divide 1024170?
True
Is 1829 a factor of 638286249?
True
Does 23 divide 95611156?
False
Does 2952 divide 190085184?
True
Is 2899 a factor of 364782314?
False
Is 1699 a factor of 3920984481?
True
Is 2991 a factor of 206479575?
False
Is 88923570 a multiple of 187?
False
Does 242 divide 36222560?
True
Is 54 a factor of 367491816?
True
Is 29445608 a multiple of 153?
False
Does 9 divide 1581273?
True
Is 93664080 a multiple of 2472?
True
Does 17 divide 451462455?
True
Is 13301513 a multiple of 226?
False
Is 11 a factor of 36829203?
False
Does 454 divide 348537162?
True
Is 15725498 a multiple of 440?
False
Is 19 a factor of 115497192?
False
Does 45 divide 41795190?
True